 - 9*r - 8. Calculate q(f).
10
Suppose 5*g - t = t - 27, 5*g + 3*t = -22. Let z(l) = -232 + 467 - l - 244. Determine z(g).
-4
Suppose 4*l = 5 - 37. Let q(z) = 3*z - 1. Give q(l).
-25
Let v(p) be the second derivative of -p**3/6 - 3*p**2/2 - 15*p. Calculate v(3).
-6
Let b(f) = 0*f + 6*f**2 + 4 + f**3 - f - 5. Let n be 2*(0 + (-21)/(-6)). Let i = 1 - n. Determine b(i).
5
Let x(d) be the second derivative of d**4/4 - 2*d**3/3 + d**2 - 30*d. Determine x(2).
6
Suppose -4*i + 4 = -8. Let w(m) = -6*m**2 - 4*m + 4. Let b(t) = -t**2 - t. Let a(o) = 5*b(o) - w(o). Calculate a(i).
2
Let m(w) = w**2 - 1 + 6*w**3 + 0*w - 2*w**2 - 2*w. Let d(n) = -n**2 + 4*n - 1. Let s be d(4). Calculate m(s).
-6
Let o(q) be the second derivative of -2*q**2 - 1/12*q**4 + 1/2*q**3 - 2*q - 1/20*q**5 + 0. Determine o(-3).
5
Let r = -3 + 8. Suppose 0 = 2*i + 2*i - 16. Let m(p) = -6*p**2 - 3*p - 7. Let c(j) = 5*j**2 + 4*j + 7. Let v(b) = i*m(b) + r*c(b). Calculate v(-6).
-5
Let n = -30 - -28. Let x(u) = u**2 - u - 2. Give x(n).
4
Let x(f) = 1 + f + 0 + f**3 + 4 + 2 + 7*f**2. Calculate x(-7).
0
Let l(j) = 5*j**2 + 5*j + 11. Let t(d) = 14*d**2 + 16*d + 32. Let n(f) = 11*l(f) - 4*t(f). Let u(i) = -i**3 - 4*i**2 - 2*i - 3. Let r be u(-3). Determine n(r).
11
Let x(o) = 3*o + 38. Let p be x(-14). Let w(r) = r + 2. What is w(p)?
-2
Let w(h) = -2*h**2 - 4*h - 6. Let z(r) be the third derivative of r**5/12 + 3*r**4/8 + 13*r**3/6 + 2*r**2. Let l(a) = -7*w(a) - 3*z(a). Calculate l(0).
3
Let z(y) = -19*y**2 - 3*y - 2 + 3 + 23*y**2 + y - y**3. Give z(3).
4
Let n(g) = -3*g**3 + 4*g + 3. Let c = 23 + -25. Determine n(c).
19
Suppose -5*y - 4 = 4*d, -4*y + 22 = 2*d - 3*d. Let v(r) = -r**2 - 6*r - 2. Calculate v(d).
-2
Let j(u) = -2*u. Let d = -13 + 18. Let s be j(d). Let o = s + 6. Let g(t) = -t**2 - 4*t - 6. Determine g(o).
-6
Let x(v) = -2*v + 7. Let s(u) = -2*u + 7. Let p(k) = 4*s(k) - 5*x(k). Let b be p(6). Let q(r) = b*r - r + r + r. Calculate q(2).
12
Let w(i) = 24*i**2 + 4*i + 13. Let t(x) = 6*x**2 + x + 3. Let n(f) = -9*t(f) + 2*w(f). Calculate n(-1).
-6
Let b(t) = -t**2 + 7*t - 6. Let q(r) = -r**3 - 3*r**2 - 2*r + 4. Let m be q(-3). Suppose 3*u = u + m. What is b(u)?
4
Let m(v) = -2 - 8 + 7 + 3*v. Determine m(2).
3
Let a(n) = -3*n**2 - 5*n - 2. Let g(x) = -8*x**2 - 15*x - 7. Let j(k) = -11*a(k) + 4*g(k). Calculate j(6).
0
Let h(a) be the third derivative of -a**5/60 + 3*a**4/8 - a**3 + 31*a**2. Determine h(9).
-6
Let p(y) = y + 1. Let h(v) = -v**2 - 3*v - 3. Let d = 5 - 4. Let m(g) = d*p(g) - h(g). Let j be m(-4). Let l(i) = i**2 - 4*i - 4. Determine l(j).
-4
Suppose 0 = -4*p + 3*b + 4, -p + 2*b + 3 - 2 = 0. Let v(k) = 1 + 1 - p - 7*k. Calculate v(1).
-6
Let m(o) be the second derivative of -o**4/12 - 3*o**3/2 + 7*o**2 + 12*o. Give m(-10).
4
Suppose -3*d + 0*d = -2*y + 1, -3*y = -3*d. Let z(a) = -6*a**3 - 1. Give z(d).
5
Let w(l) = -l**2 - 5*l - 6. Suppose -18 = 4*a - a. Let i be a/(-39) - (-162)/(-39). What is w(i)?
-2
Let h be (0 + -3 - -5)*4. Suppose 0 + h = -2*x. Let o(t) = t**2 + 0*t**2 + 0*t**2 - 2 + 4*t. What is o(x)?
-2
Let z be (-1 - -4) + -1 + 2. Let h = z + -2. Let n(g) = -6*g. Calculate n(h).
-12
Let h(d) = 8*d + 3. Let w(m) = 3*m + 1. Suppose b - 4 = 2*b. Let a(f) = b*h(f) + 11*w(f). Let n be 2 - 0 - 0/1. Calculate a(n).
1
Let x(j) be the second derivative of j**3/6 - 11*j**2/2 - 19*j. Let l be 60/8*2/3. Calculate x(l).
-6
Let j = 28/3 - 9. Let k(s) be the second derivative of 5/2*s**2 - j*s**3 + 1/20*s**5 + 0 - s - 5/12*s**4. What is k(5)?
-5
Let n(i) be the third derivative of -i**7/2520 + i**6/240 - i**5/120 - i**4/4 + 5*i**2. Let t(w) be the second derivative of n(w). Calculate t(3).
-1
Let w(x) be the third derivative of 7*x**5/60 - x**4/24 - 7*x**2. Determine w(-1).
8
Suppose -j + 0*j - 5 = -4*z, -2*z + 5*j = 11. Suppose 3*s = 2*u - 3, -z*u = 5*s - 3*s - 8. Let m(t) = t + 2 - t**2 + 0 - 3 + 4*t**2. Give m(s).
3
Let y(k) = -k**2 - 2. Let b = -3 + 5. Let u be b - (-4 - -1 - -2). Suppose 4*h - u*o = -o + 4, h + 6 = -3*o. What is y(h)?
-2
Let c = -2 - -1. Let r(q) = 1. Let n(m) = 6*m + 4. Let g(y) = -n(y) + 5*r(y). Give g(c).
7
Let d(x) = -6*x**3 + x**2 + 4*x. Let g(s) = -5*s**3 + 3*s. Let k(o) = 4*d(o) - 5*g(o). Calculate k(-3).
6
Let u = 4 - 6. Let c(h) = -4*h**3 + 3*h**2 + 5*h - 8. Let q(w) = w + 16. Let b be q(-10). Let k(o) = -o**3 + o - 1. Let v(y) = b*k(y) - c(y). What is v(u)?
4
Let s(o) = o. Suppose -2*a - 24 = -5*c, -12*c + 12 = -11*c - 4*a. Give s(c).
4
Let v(y) = 3*y - 3 + 4*y - 149*y**2 - 3*y + 147*y**2. Determine v(2).
-3
Let o(s) be the first derivative of -s**3/3 - 2*s**2 + s - 11. Calculate o(-6).
-11
Let y(j) be the second derivative of j**3/6 - 5*j**2/2 - 4*j + 1. Determine y(-8).
-13
Let s(y) = y + 5. Suppose -4*d - 3*n + 28 = 1, -4*d + 23 = -n. Let u(b) = -2*b + 1. Let w be u(-5). Let q = d - w. Calculate s(q).
0
Suppose 8*f - 40 = 3*f. Suppose -5*p = 3*v + f, p + 2*p = -5*v - 24. Let a(h) = -h - 5. Calculate a(v).
1
Suppose 5*k = 2*k. Let m(u) = 14 - 7 - u**2 + k*u**2. What is m(0)?
7
Suppose 0 = 2*r + 4*x + 12, -5*r + 5*x + 15 = 0. Let j = -9 + 9. Let u = r + j. Let k(p) = p**2 - p + 1. Calculate k(u).
1
Let v(o) be the second derivative of -6*o + 0 + 1/3*o**3 + 0*o**2. Give v(3).
6
Let p(u) = 3*u - 2. Let g(w) = 10*w - 7. Let q(i) = 2*g(i) - 7*p(i). What is q(5)?
-5
Let w(c) = -c**3 + c + 4 - c**3 + 3*c**3. Suppose -b - 4*b = 10. Let f = b + 2. Calculate w(f).
4
Suppose 2*d + 1 = d. Let y(c) = 4*c - 3. Let w(j) = -j + 1. Let f(i) = d*y(i) - 3*w(i). Give f(-2).
2
Let x(r) = -r - 6. Suppose 3 = 2*v + 2*i + i, -2*v = -4*i - 10. Suppose 5*j + 6 = v*j. Calculate x(j).
-3
Let o(r) = r**3 - r**2 + 4*r - 3. Suppose 0 = 21*u - 17*u - 8. Calculate o(u).
9
Let d be 8/12 - 39/(-9). Let h(m) = -10*m**3 + 19*m**2 + 25*m + 3. Let c(l) = 7*l**3 - 13*l**2 - 17*l - 2. Let a(k) = 7*c(k) + 5*h(k). Determine a(d).
6
Let r = -9 - -21. Let z = r + -11. Let h(i) = -i + 1. Give h(z).
0
Let p(t) = -5*t - 7. Let b be p(-2). Let y(f) be the second derivative of -2*f + 0 + 2*f**2 + 1/3*f**b. Give y(-4).
-4
Let g(b) be the first derivative of -3*b**2/2 + 3*b + 2. Let p(r) = -r**3 - 5*r**2 + 6. Let t be p(-5). Let q = t - 1. Give g(q).
-12
Let v(a) = 3*a - 1 - 2 + 7 + 2. Let o(f) = 4*f + 9. Let p(q) = 5*o(q) - 7*v(q). Let x(j) = j - 1. Let c be x(4). What is p(c)?
0
Let l(r) = -3*r**2 + 1 + 4*r**2 - 4. Determine l(0).
-3
Let f(o) = 5*o**3 + 9*o**2 - 2*o + 6. Let h(n) = 6*n**3 + 10*n**2 - 3*n + 7. Let k(v) = -5*f(v) + 4*h(v). What is k(-4)?
-10
Let y(k) = -k + 1. Suppose -3*b - t + 20 = 8, -3*t + 18 = 3*b. Suppose 5*u + 5 = x + 1, 0 = -x + b*u + 4. Let n be 6/x*(-2)/(-3). What is y(n)?
0
Let c(a) = a**2 - 10*a + 4. Suppose 3*l = -t + 15, 0*t + 5*l = 5*t - 35. Determine c(t).
-5
Let q(k) be the third derivative of k**4/12 + k**3/6 - 4*k**2. Let c(i) = i**3 + i**2 - 4*i - 3. Let r be c(-2). What is q(r)?
3
Let h(q) = -1 + 0*q**2 - 3*q**3 + 3*q**2 + 2*q - q**2. Determine h(2).
-13
Let n(f) = -17*f**3 - 5*f**2 + 7*f - 7. Let h(w) = w**3 + w**2 - w + 1. Let b(x) = -6*h(x) - n(x). Give b(1).
10
Let k(h) = -2*h - 4*h - 1 - 3 + 2*h**2 + h. Give k(4).
8
Let h(f) = 53*f**2 - 30*f**2 + 8*f - 5 - 24*f**2. What is h(8)?
-5
Suppose 0 = -2*t + 2. Let m(g) = 15*g**3 + g**2. Calculate m(t).
16
Let n = -1 + -5. Let g be (-12)/9*n/(-4). Let s(k) = -2*k**2 - 22. Let o(r) = -1. Let t(w) = g*s(w) + 44*o(w). Calculate t(1).
4
Let s = 4 - -3. Suppose -4*b = -s*b. Let l(g) = g**3 - 4*g + b + g + 2*g + 4. Calculate l(0).
4
Let j(p) = -6*p. Let h be j(-1). Suppose -g = -h*g - 20. Let b(n) be the second derivative of n**3/6 + 4*n**2 + n. Calculate b(g).
4
Let t be 2/(-3)*(-45)/(-6). Let y(b) = 4*b - 3*b + 0 + 2. Let l be y(t). Let c(n) = -n**3 - 3*n**2 + n. Determine c(l).
-3
Let i be 3/(4 - 3/1). Let o(r) = -r**3 + 3*r**2 - 2*r + 2. Determine o(i).
-4
Let q(t) = -t**3 - 3*t**2 - 8*t + 5. Let f(a) = -3*a**3 - 5*a**2 - 17*a + 11. Let i(r) = 2*f(r) - 5*q(r). Let c be i(6). Let b(n) = 3*n. Calculate b(c).
-9
Let f(w) = w - 2. Suppose 0 = 3*a - 6 - 0. Give f(a).
0
Let w(u) = -u**2 + 9*u + 3. Let c be w(9). Let i(d) = -d**3 + 3*d**2 - 2*d. Determine i(c).
-6
Let d(v) = 6*v + 1. Suppose 0 = 3*j - 7 + 10. Determine d(j).
-5
Let x(h) = -h**3 - 4*h**2 + 2*h - 1. Let o(t) = t**2 - 1. Let i be o(-2). Suppose -i*b